 6/b + (-57)/21. Let u = v + 7. Let n(r) = -r**3 + 4*r**2 + 2*r + 4. Calculate n(u).
12
Let r(f) = -3*f**3 - 4 - 4 + 9 - 5*f**3 + 7*f**3. Let q(w) = -w + 6. Let g be (10/(-3))/(4/(-6)). Let o be q(g). Give r(o).
0
Let p be 8 - (-3 + -1 - -7). Let z be (44/55)/((-1)/5). Let v(w) = 2*w + 7. Let r(b) = b. Let l(d) = z*r(d) + v(d). Give l(p).
-3
Let i(c) = -7*c**2 + 1. Let w(d) = -6*d - 41. Let q be w(-7). Calculate i(q).
-6
Let y be (0 + 2)*(-8)/(-4). Let w(h) = -3 + 73*h**2 + y - 69*h**2 + h**3 - h + 2. Give w(-4).
7
Let x(z) = 2*z**3 - z**2 + z - 1. Suppose 6*c - 2 = 4*c. Let q be c + (3 - 5) + 1 + 1. Give x(q).
1
Let i(k) = 4*k - 2*k - 6 - 3*k. Let j = -648 - -641. What is i(j)?
1
Let d(p) = -4*p. Let i(l) = l**2 + 4*l. Let k be i(-10). Let q(o) = -10*o + k + o**2 - 24 - 22. Let c be q(8). Determine d(c).
8
Let c(k) be the second derivative of k**5/20 - 3*k**3/2 - 3*k**2 - 68*k. Give c(-3).
-6
Let l(d) = -d**3 - d**2 + 2*d + 2. Suppose -3*c - 6 = 3*i - 3, 0 = 2*i - 5*c - 5. Calculate l(i).
2
Let t(f) = -21*f + 2. Let i(z) = 32*z - 3. Let g(n) = 5*i(n) + 7*t(n). Suppose -2*y - 5 = 3*d, -2*d + 1 - 7 = 4*y. Calculate g(y).
-14
Suppose -5*c + c + 24 = 0. Suppose c = -w - 4*q + 17, 4*w - 3*q + 13 = 0. Let f(o) be the first derivative of -2*o**2 - o - 5. Give f(w).
3
Let o(k) be the first derivative of k**6/120 + k**5/15 + k**4/6 + k**3/2 + 41*k**2/2 - 1. Let g(s) be the second derivative of o(s). Give g(-3).
0
Suppose 21 = 2*v - 5*z + 1, -5*v = -z - 27. Suppose j = -13 + 17. Let s(q) = -7 + 6*q + 7 + j*q**2 - q**3. What is s(v)?
5
Suppose 5*i + 60 - 15 = 0. Let w(l) be the second derivative of -l**4/12 - 5*l**3/3 - 5*l**2/2 - 2580*l. Give w(i).
4
Let v(q) be the first derivative of q**3 - 3*q**2 + 4*q - 449. What is v(4)?
28
Let h(q) = 2*q + 3. Let r(d) = -d**2 + d + 1. Let t(z) = h(z) - 2*r(z). Let y be t(1). Let m(s) = y + s - 6 - 4. Determine m(0).
-7
Suppose -s - 4 = 1, -4*s - 20 = -d. Suppose 0 = -d*f - 5*f + 15. Let y(t) = -2*t**3 + 3*t**f + 2*t + 6*t**2 + 2 + 0 + 2*t. Give y(-5).
7
Let i(z) = -7*z**2 + 12*z - 4. Let n(w) = -4*w**2 + 7*w - 2. Let p(v) = -3*i(v) + 5*n(v). Suppose 0*x - 9 = 3*x. Give p(x).
14
Let w = -4 - -13. Let u be (3/w)/((-2)/12). Let o(x) be the second derivative of x**5/10 + x**4/3 + 2*x**3/3 + x**2 + 3*x. Determine o(u).
-6
Let s(t) = 3*t - 29. Suppose -2*i + 4*d = -5*i + 38, 16 = i + 3*d. Calculate s(i).
1
Let i = 628 + -623. Let c(l) = -l**3 + 3*l**2 + 7*l - 5. Calculate c(i).
-20
Let t(g) = 1 - 2*g**2 + 2 + 0*g + g + 0*g**2. Let w(h) be the second derivative of -h**5/20 + h**3/6 - 8*h. Let d(i) = -t(i) + w(i). What is d(3)?
-12
Let y = 0 - -5. Suppose -2*b + y = 1. Let l(v) = -3*v - 50*v**3 + 49*v**3 + 2 + 4 + 4*v**b. Calculate l(4).
-6
Let l(c) = -4*c + 3 + 16*c**2 - 4*c**2 - 6*c**2 - c**2 - 5*c**3 - c**2. What is l(2)?
-29
Let m(f) = 13*f + 10. Let p(j) = 3*j**3 - 5*j**2 - 4*j + 2. Let w be p(-1). Calculate m(w).
-16
Let g = -520 + 518. Let a(j) = -7*j**3 + 2*j**2 - 3*j - 3. What is a(g)?
67
Suppose 2*m = -2*m + 16. Suppose -4*l + 8 = -2*w + m*w, w - 5*l = -17. Let q(g) = g. Let h(v) = v. Let c(k) = w*q(k) + 3*h(k). Calculate c(-2).
-2
Let x(t) be the third derivative of -t**6/120 - t**5/30 + t**3/3 + 2*t**2. Let d be 2/(-9) + 11/9. Suppose 0 = -4*a - d - 7. Determine x(a).
2
Let x(o) = 5*o + 20. Let d(q) = q. Let h(j) = -2*d(j) + x(j). Let v(c) = c + 7. Let t(s) = -3*h(s) + 8*v(s). Calculate t(-3).
-1
Let w be (50/14 - 1) + 40/(-70). Suppose -2*i - 10 = w. Let n(q) = q**3 + 5*q**2 - 7*q - 7. What is n(i)?
-1
Let i be 12/8*16/6. Suppose -i = 7*f - 5*f. Let o(k) = -2*k + 2 - 6 + 2*k**3 + 3 + 4*k**2 - 2*k**2. What is o(f)?
-5
Let f(r) = 3*r + 15. Let a(x) = 2*x + 9. Let w(j) = 7*a(j) - 4*f(j). Suppose 0 = 3*c - 21 - 0. Give w(c).
17
Let d(z) be the third derivative of -z**6/120 + 7*z**5/60 - 5*z**4/24 - z**3/6 - z**2. Suppose -36*r + 55*r - 114 = 0. Determine d(r).
5
Let v(b) = b**2 - 11*b + 9. Let q(p) be the third derivative of 0 + 0*p - 19/6*p**3 + 23/24*p**4 + 9*p**2 - 1/30*p**5. Let a(x) = 2*q(x) + 5*v(x). Give a(7).
-7
Let c(w) = -w + 5. Suppose 4*m + z - 44 = 0, 3*z + 35 = 5*m - 3. Let p be 0 - (-1 + -2 + m). Give c(p).
12
Let i = 1464 - 1464. Let q(c) be the second derivative of 1/4*c**4 + c**2 + i + c + 1/3*c**3 + 1/10*c**5. Give q(-2).
-6
Suppose -5*y + 3*c - 34 + 125 = 0, 0 = 4*y - c - 77. Let k(r) = -6 + 5*r - 4*r + y. Determine k(-12).
2
Let o(l) be the second derivative of l**3/3 - 5*l**2/2 - 72*l. Give o(3).
1
Let t(j) be the second derivative of -j**6/120 - j**5/40 + j**4/8 - 3*j**3 + 28*j. Let b(n) be the second derivative of t(n). Calculate b(-3).
-15
Let y = -60 + 63. Let v(g) = 1 - 5*g**2 - y*g**2 + 6*g**2 + 5*g**2 + 3*g. What is v(-2)?
7
Let h(z) be the second derivative of z**5/20 - 7*z**4/12 + z**3/6 - 17*z**2/2 + 26*z - 3. Give h(7).
-10
Let w(i) = 3*i + 1. Let k = -660 - -659. Give w(k).
-2
Suppose -9 = -2*h - h. Suppose -3*i - h*i + 12 = 0. Let m(x) = i*x - 6*x + 7*x. Calculate m(-1).
-3
Let j(f) = -43*f - 4. Let y(n) = -10*n - 1. Let k(o) = 2*j(o) - 9*y(o). What is k(1)?
5
Let r(o) = 0*o - 4 + o + 82*o**2 - 80*o**2. Determine r(4).
32
Let w = 23 + -41. Let k be w/(-63) + 16/(-7). Let j(x) = x**3 + x**2 - 2*x - 3. Give j(k).
-3
Let q(n) be the second derivative of n**4/6 - n**3/6 - n**2/2 - 11*n. Let g(o) = -o**3 + 8*o**2 - 9*o + 12. Let f be g(7). Give q(f).
9
Suppose 4*y + 14 = 2*s, -y - 2*s + 8 = 4. Let g(o) = 2*o - 2. Determine g(y).
-6
Let r(a) = 7*a - a**2 + 4*a**2 + 3 + 0*a. Let v(x) = -x**2 - 3*x - 1. Let o(g) = -2*r(g) - 5*v(g). What is o(3)?
-7
Suppose -2*m - 2 = -3*m. Suppose m*f + 1 = 3. Let j(x) be the third derivative of x**4/4 + x**3/6 - x**2. What is j(f)?
7
Let a(b) = -106*b + 1278. Let r be a(12). Let u(m) = 4*m - 26. What is u(r)?
-2
Let w(k) = -k - 11. Suppose 23*h = -27 - 180. What is w(h)?
-2
Let j(r) be the third derivative of -r**5/60 - 7*r**4/24 - r**3/2 - 2*r**2 - 194. Let i = 8 + -13. What is j(i)?
7
Let l(g) be the first derivative of g**5/120 + 7*g**4/24 + 2*g**3/3 + 15. Let k(m) be the third derivative of l(m). Calculate k(-4).
3
Let g = -64 + 59. Let n(u) = u**3 + 3*u**2 - 6*u + 3. Calculate n(g).
-17
Suppose -31 = 5*z - 3*g, -2*z - 7 = -4*g + 11. Let x(p) = -3*p**2 - 14*p - 2. Determine x(z).
-7
Let t(r) = -r**3 + 5*r**2 + r - 1. Let o(q) = -q**3 - 3*q**2 - q + 2. Let u be o(-3). Let i be t(u). Let b(x) = -i - 2*x + 0*x + 4*x + 3. Determine b(2).
3
Let i(d) = d**2 - 3. Let u = 9 + 3. Let q be 9/u + (-6)/8. What is i(q)?
-3
Let q(g) = -2*g + 7. Suppose 6*l + 23 = 215. Let a = l + -27. Suppose a*m - 31 = -4*n + 25, 5*m - 48 = -2*n. Determine q(m).
-9
Let f(u) be the second derivative of 1/120*u**5 - 1/30*u**6 - 1/2*u**3 + 0*u**2 + 0 + 3*u + 0*u**4. Let w(y) be the second derivative of f(y). Calculate w(1).
-11
Let q(g) = 3*g**3 - 15*g**2 - 31*g + 17. Let y(t) = 2*t**3 - 10*t**2 - 21*t + 12. Let w(z) = 5*q(z) - 7*y(z). Determine w(6).
-11
Let o(p) = p**2 + 2*p - 30. Suppose 2*i + 26 = -3*z, -2*i + 4*z = 7 - 9. Calculate o(i).
5
Let k(w) be the first derivative of -w**4/4 + w**2 - 2*w + 2. Let j(d) = -9*d**2 + 127*d - 12. Let m be j(14). What is k(m)?
-6
Let p(x) = 2*x + 2*x**3 - x**3 + 0*x + 4*x**2 + 3. Suppose 5*j - 12 = 2*j. Suppose -j = -v - 7. Determine p(v).
6
Let j(x) be the first derivative of -x**3/3 - 6*x**2 - 7*x + 365. Give j(-11).
4
Let z(j) be the first derivative of -j**4/4 - j**3 + j**2 - 3*j - 156. Let w(b) = -b**3 - 3*b**2 + 4*b + 4. Let g be w(-4). Let a = -8 + g. What is z(a)?
5
Let r(y) = -y + 1. Let h(c) = c**3 - 3*c**2 - 6*c + 12. Let m be h(3). Calculate r(m).
7
Let y(n) = -n**3 + 9*n**2 + 2*n + 2. Let a be 2/(-5) - 0 - (-85)/25. Suppose -5*m + 51 = -a*k, -15 - 9 = -2*m + 3*k. Give y(m).
20
Let b(k) = -3*k**2 + 1. Let t be (-5 - (-9 - 1))*1. Suppose -5*i + 8 = -3*y, -2*y - t*i = -6*y - 9. Give b(y).
-2
Let w(u) = 3*u**3 + u**2 - u - 1. Let v(a) = -a**3. Let l(m) = 11*v(m) + 4*w(m). Suppose -4*r - 24 = -112. Let i = r + -27. Calculate l(i).
-9
Let g(z) be the third derivative of 0*z**3 + 0*z**4 + 1/15*z**5 + 0 + 0*z - 4*z**2 - 1/120*z**6. Let j be -3 + (-44)/(-4) - 4. What is g(j)?
0
Let n(g) = 7*g - 2. Let d be (102/(-51))/(-1 + 2). Calculate n(d).
-16
Let b(k) = -k**3 + 6*k**2 - 4*k + 9. Suppose 3 - 51 = -8*y. What is b(y)?
-15
Let t(